is -21020222 (base 5) in base 7?
-1320630
What is 3c52 (base 13) in base 8?
20756
Convert 31652aa (base 11) to base 3.
101111000102102
-212a604 (base 11) to base 4
-32102322213
Convert -201a69 (base 11) to base 9.
-544377
Convert 202232311 (base 4) to base 12.
6a3b1
Convert -1823402 (base 11) to base 5.
-1242444410
What is -422a88 (base 13) in base 8?
-5720312
3064461 (base 7) to base 2
1011010000101000100
Convert -1b1c8d (base 14) to base 11.
-5aa538
What is 1225023 (base 10) in base 15?
192e83
What is -180c0 (base 15) in base 10?
-77805
What is 4540317 (base 8) in base 3?
2022102212210
-45ed4 (base 16) to base 6
-10050004
Convert -10000111011001001000010 (base 2) to base 3.
-22100101210112
Convert -23567 (base 11) to base 14.
-c533
What is 129223 (base 13) in base 2?
1101101100000101011
What is -217727 (base 11) in base 10?
-346936
-223221034 (base 5) to base 16
-f2313
What is 45253450 (base 7) in base 13?
a77637
What is 44a24 (base 12) in base 6?
1542444
What is -1111203510 (base 6) in base 12?
-4076596
What is -112120303 (base 5) in base 15?
-9e703
Convert 118980a (base 13) to base 16.
53202d
What is 1011111000100111010 (base 2) in base 13?
108346
-20212022000002 (base 3) to base 13
-9a9100
What is -72710 (base 8) in base 15?
-8e02
-222515 (base 9) to base 16
-207e9
Convert -85c3 (base 15) to base 13.
-cb67
7a48c5 (base 16) to base 13
1877932
What is 96747 (base 13) in base 8?
1022161
Convert -17540721 (base 8) to base 11.
-235a054
Convert -19126 (base 14) to base 16.
-f76e
-20517645 (base 8) to base 4
-100221332211
Convert 2591b (base 13) to base 7.
410032
Convert 3703504 (base 8) to base 7.
11435651
Convert 1051312 (base 6) to base 16.
d0dc
What is -1a4d81 (base 14) in base 11?
-589a45
What is 651115 (base 8) in base 5?
23431202
-4225c (base 16) to base 10
-270940
-394a00 (base 13) to base 8
-5212036
Convert -2412110 (base 5) to base 16.
-ae6f
-27661b (base 12) to base 8
-2375367
111110001011011111 (base 2) to base 10
254687
32120222 (base 4) to base 11
402a6
What is -101101001000000111011 (base 2) in base 9?
-2703366
-1cf297 (base 16) to base 5
-441201421
What is -26855214 (base 9) in base 13?
-29951b0
4adc (base 16) to base 5
1103124
What is 702ba8 (base 15) in base 16?
5140d0
Convert 118256 (base 9) to base 16.
117e7
2a23f (base 16) to base 5
21010412
446161 (base 7) to base 8
232206
15793 (base 13) to base 10
40849
Convert 1101100110110101 (base 2) to base 15.
117a8
-204041041 (base 6) to base 2
-1101100011000000110001
-442224 (base 7) to base 9
-127440
What is 10131441 (base 5) in base 15?
19a81
-311302201 (base 5) to base 14
-252a8d
Convert -202c2 (base 16) to base 9.
-220680
What is 31331141 (base 5) in base 16?
3fd2d
302314010 (base 5) to base 11
759900
284050 (base 11) to base 9
746800
Convert -1851257 (base 10) to base 14.
-362929
What is 1cb58 (base 16) in base 5?
12230332
What is -33366210 (base 7) in base 3?
-12102212010000
What is -1d9555 (base 16) in base 11?
-11046a1
Convert 1333677 (base 8) to base 12.
160a27
What is 305468 (base 15) in base 5?
1041432443
What is 10311735 (base 8) in base 12?
8a1565
Convert -18239 (base 10) to base 5.
-1040424
Convert 15323103 (base 6) to base 12.
220493
10101101101001010 (base 2) to base 8
255512
Convert 655d0a (base 16) to base 9.
13444370
-26216150 (base 7) to base 2
-1001000111110001100001
-142697 (base 10) to base 16
-22d69
Convert 600632 (base 8) to base 9.
330228
What is -1022340 (base 5) in base 14?
-63c0
-29313 (base 15) to base 12
-646a6
Convert -43243121 (base 6) to base 10.
-1281145
156715 (base 8) to base 16
ddcd
2db27b (base 14) to base 15
21ab96
What is -6c743 (base 14) in base 16?
-40a97
What is 24965 (base 12) in base 3?
2112020212
What is 37d34c (base 15) in base 5?
1141131442
Convert -1fd0a (base 16) to base 13.
-47412
1010110110111011011100 (base 2) to base 3
12100121120021
What is -965962 (base 10) in base 13?
-27a89a
94449 (base 13) to base 3
111112200010
Convert 282896 (base 13) to base 9.
1748102
Convert 9c265 (base 15) to base 4.
1321100132
Convert 2a7c5 (base 15) to base 11.
93828
What is 283d5 (base 14) in base 9?
161511
Convert 70312236 (base 8) to base 6.
1244510450
Convert 20033133323 (base 4) to base 12.
88244b
What is 14108660 (base 9) in base 13?
15a2525
-1b04ba3 (base 13) to base 9
-17707374
-10011110010101001101 (base 2) to base 3
-1012221121110
-16e475 (base 15) to base 6
-35453145
430a7 (base 16) to base 7
2222403
What is 105e6f (base 16) in base 12?
43897b
What is 7dba (base 14) in base 13?
9c92
2035215 (base 7) to base 4
323221212
-4b9e1 (base 15) to base 13
-86119
21aa4 (base 13) to base 6
1151023
Convert -f383f (base 16) to base 7.
-11322662
What is -25960 (base 11) in base 9?
-55783
Convert 2c6603 (base 14) to base 5.
344214113
What is -406561 (base 8) in base 4?
-200311301
Convert -1054506 (base 7) to base 3.
-20200002010
16d75a (base 15) to base 14
20c060
Convert -22222231 (base 4) to base 11.
-2a911
What is -1002000322 (base 4) in base 12?
-11058a
Convert 11110100000010100 (base 2) to base 7.
1030165
Convert 501533 (base 9) to base 14.
7a041
-100200101212 (base 3) to base 11
-120199
122101020121 (base 3) to base 14
8c943
Convert 164b6a (base 12) to base 6.
12103414
Convert 2722507 (base 8) to base 7.
6326044
Convert 155424 (base 8) to base 16.
db14
100100323 (base 4) to base 15
14b14
141095 (base 11) to base 3
102020020001
Convert -1210011202 (base 3) to base 14.
-cb28
2406 (base 11) to base 8
6120
-3383319 (base 10) to base 12
-1171b33
Convert ed401 (base 15) to base 11.
475154
Convert 1deb6f (base 16) to base 6.
110005503
-30434012 (base 5) to base 14
-66ba1
What is -26600bc (base 13) in base 16?
-b7e9a1
Convert 2213323110 (base 5) to base 8.
22314752
Convert -5020216 (base 7) to base 16.
-90d06
Convert 130311032 (base 4) to base 12.
58412
-212d2 (base 16) to base 15
-2a3e5
What is -121020264 (base 7) in base 9?
-15153326
What is -26071 (base 15) in base 7?
-1014352
What is -10103101331 (base 4) in base 11?
-700165
Convert -10000000111101000000 (base 2) to base 5.
-113400232
What is bbc5 (base 15) in base 6?
504105
What is 1030522 (base 6) in base 13?
1a12c
1110101011000110 (base 2) to base 3
10001110000
Convert -2351404 (base 6) to base 15.
-268c4
Convert 11363375 (base 10) to base 5.
10402112000
What is 27586386 (base 9) in base 16?
d01b35
22033153 (base 6) to base 12
2787b9
-2b88 (base 15) to base 7
-36161
-27529 (base 11) to base 14
-10427
Convert -11011111111011010 (base 2) to base 7.
-655154
122166612 (base 7) to base 5
3431241014
-10156611 (base 9) to base 14
-910457
What is 85463 (base 9) in base 3?
2212112010
Convert 11b10b7 (base 12) to base 15.
486904
What is 754074 (base 10) in base 3?
1102022101200
200121120000 (base 3) to base 13
ca9aa
Convert -11240410 (base 5) to base 2.
-11001000011001101
Convert -2210034 (base 8) to base 4.
-2101000130
What is -2447aa8 (base 11) in base 13?
-b6057a
What is 4122034 (base 6) in base 15?
3d781
Convert 332313031 (base 6) to base 12.
2012777
What is 1a66481 (base 12) in base 3?
101120000010221
Convert -10011001000110010011010 (base 2) to base 14.
-94837c
What is -22020021202 (base 3) in base 8?
-474377
What is 111120000001 (base 3) in base 15?
540ca
578918 (base 12) to base 13
3a234a
Convert -5103277 (base 8) to base 4.
-11020122333
What is -1230616 (base 7) in base 16?
-26c35
What is -a46de2 (base 16) in base 4?
-221012313202
Convert -460052 (base 13) to base 9.
-3104382
What is 620703 (base 8) in base 4?
302013003
-101125420 (base 6) to base 7
-20525460
What is 502081 (base 10) in base 8?
1724501
331131320 (base 5) to base 10
1427085
What is -941a6 (base 13) in base 10?
-266142
Convert -7608065 (base 10) to base 13.
-1764c1a
Convert -110011100111111110111 (base 2) to base 9.
-3157438
What is 20893a (base 15) in base 2?
101111001111000110110
-15a7869 (base 11) to base 13
-74930b
What is aba893 (base 14) in base 16?
58f541
Convert -23420021 (base 5) to base 16.
-34f36
Convert -13c928a (base 14) to base 10.
-9629210
-b5876 (base 12) to base 15
-4a7a3
-204441323 (base 5) to base 7
-10205160
20020212220 (base 3) to base 4
132003231
-203030032 (base 4) to base 14
-3a75c
Convert -3031012011 (base 4) to base 7.
-10066116
Convert 646004 (base 11) to base 6.
34045432
250415 (base 6) to base 12
10a0